131. List the prime factors of x(i).
5
Let v = -693 - 79. Let w = 1561 + v. What are the prime factors of w?
3, 263
What are the prime factors of (62*(-21)/(-15))/(46/16330)?
2, 7, 31, 71
Let k = -268 + 250. Let c(z) = 2*z**3 + 36*z**2 - 23*z + 2. What are the prime factors of c(k)?
2, 13
Let b be (-52494)/(-12)*(4 + -4 + 4). Suppose 22*r = 16272 + b. What are the prime factors of r?
5, 307
Suppose 6*v - 31 - 155 = 0. List the prime factors of (4 - 0) + 310 + v.
3, 5, 23
Let z(g) = -g**3 - 8*g**2 + 2*g + 12. Let x be z(-8). Let u be (-6 - -4)*-4*(-2)/x. Suppose -u*n - 48 + 223 = 3*w, 297 = 5*w + 4*n. List the prime factors of w.
61
List the prime factors of -2 - ((-2)/24 - 2368/(-768)) - -14022.
107, 131
Suppose -76890 = -96*k + 81*k. What are the prime factors of k?
2, 11, 233
Let b(i) = i**2 - 9*i - 8. Let g be b(10). Let h be 3 + (-4 - (156 - g)). Let z = -34 - h. List the prime factors of z.
11
Let o be (-4 - (25 - 4))*2048/(-40). Suppose -2*j - 2*q = -o, 3*j - 5*q + 605 - 2565 = 0. What are the prime factors of j?
3, 5, 43
Let z(s) = s + 13. Let c be z(-11). Let i(p) = 5*p - 4*p + 43 + c*p - 2*p. What are the prime factors of i(-14)?
29
List the prime factors of ((-6)/(-30)*-5)/(4/(-36476)).
11, 829
Let q(g) = 4*g**2 + g + 1. Let b be q(-1). Suppose 1069 = -b*s - s - 3*k, 5*k = -15. Let d = -120 - s. List the prime factors of d.
2, 23
Suppose -4*l + 48 = 4*w, 4*l + w - 93 = 6*w. Let h = -23 - -68. Let o = h + l. List the prime factors of o.
2, 31
Let v = -8030 - -15769. What are the prime factors of v?
71, 109
Suppose 7*j = 4*k - 6764 - 2183, 0 = k + 4*j - 2208. List the prime factors of k.
2, 557
Suppose 2431 = 13*x - 2*x. What are the prime factors of x/(10 - 9) - -8?
229
Suppose 2*v = -y - 29, -4*v + 3*y = -y + 52. Let z be 4 + v - 4/(-2). List the prime factors of (-3)/12*-2 + (-860)/z.
2, 3
Suppose 3*u + 3*l - 6 = 0, l = -18*u + 15*u + 6. Suppose q = u*m - 660, 0*q + 2*q - 1312 = -4*m. What are the prime factors of m?
7, 47
Suppose -2*x - b - 12 = b, x + 4*b = -15. Let j(k) = -15*k**3 - 3*k**2 + 2*k + 9. List the prime factors of j(x).
3, 127
Suppose 2878 = 6*i + 574. Let b = 399 + i. What are the prime factors of b?
3, 29
Let s be (10/(-20))/((-1)/20). List the prime factors of ((-447)/(-2))/(s/20).
3, 149
Let q = 1841 + -1583. Suppose -4*o - 2566 = -5*n - 623, -3*n + 1159 = o. Let s = n - q. What are the prime factors of s?
3, 43
Let g be (-3)/(-6 - -3 - -2). Let s be 4 - (12*10)/(-4). Suppose -4*i + s = -5*n - 15, g*i = -n + 32. List the prime factors of i.
11
List the prime factors of -9*(-14)/21 + (-38568)/4*-1.
2, 3, 67
Let p(w) = w**3 - 20*w**2 + 29*w - 38. Let j be p(19). Suppose 10*l - 11*l - j = -2*q, 0 = -4*q + 3*l + 304. List the prime factors of q.
2, 19
Let k(j) = -49 - j - 2*j - 5 - 15. Let i be k(-23). Suppose -2*c = 4*x - 250, i*x = 2*c - 5*x - 268. What are the prime factors of c?
3, 43
Suppose -3*x = a - 0 + 10, -3*a - 12 = 0. Let c be (82 - 4 - 6/x) + 3. Suppose 5*l + 18 = 3, c = s - 3*l. List the prime factors of s.
3, 5
Suppose 44*y - 5*j = 43*y + 4676, -3*y = -4*j - 14050. List the prime factors of y.
2, 3, 11, 71
Let l = -1001 + 1348. List the prime factors of l.
347
Let t = 27564 - 14140. What are the prime factors of t?
2, 839
What are the prime factors of ((-132)/(-176))/((10/(-80904))/(-5))?
3, 3371
Suppose -6*c + 14 = -4. Suppose c*f = -4*f + 3920. Suppose 235 = 5*g - f. What are the prime factors of g?
3, 53
Let o(w) be the third derivative of w**5/5 + 3*w**4/8 + 17*w**3/6 - 10*w**2. Let m be o(9). Suppose 20*h = 15*h + m. List the prime factors of h.
2, 107
Let a = 10 + -8. Suppose 22 = -x - 0*r + 5*r, 2*r = -4*x + 22. Suppose 3*o = x*y + a*y - 371, -146 = -2*y + 2*o. What are the prime factors of y?
2, 19
Suppose 0 = -42*u - 2383 - 2993. List the prime factors of (-14)/(u/124 - -1).
2, 7, 31
Suppose -x + 2205 = -4*d, -22*x + 8885 = -18*x - 3*d. List the prime factors of x.
5, 89
Let u(p) = -8*p**2 + 536*p - 2. List the prime factors of u(54).
2, 7, 401
Suppose 582 = 148*h - 145*h. Let o = h + 165. What are the prime factors of o?
359
Let z be (-8 - 0) + 8 - -6993. Suppose 24*m - 1815 = z. List the prime factors of m.
367
Let j(z) = -z**2 - 24*z - 122. Let g be j(-7). Let p(o) = -217*o + 58. List the prime factors of p(g).
709
Let i(p) = 9*p**2 - 136*p - 35. What are the prime factors of i(23)?
2, 17, 47
Let b = -11149 - -41238. List the prime factors of b.
30089
Suppose 5*q - 124*b + 127*b = 39077, 4*q = -5*b + 31272. List the prime factors of q.
13, 601
Suppose 8366*t - 8358*t = 0. Let n = -518 + 986. List the prime factors of n/4 + (0 - t/(-2)).
3, 13
Let t = 9 - 2. Suppose -135 = -5*v + 5*j, j + 18 = 2*v - 32. Suppose 579 + v = t*b. List the prime factors of b.
2, 43
Suppose 0 = -402*g + 346*g + 539840. What are the prime factors of g?
2, 5, 241
Suppose 182850 + 80450 = 91*v - 84047. What are the prime factors of v?
11, 347
Suppose 12*h - 15 = -39. Suppose 4*n - 3*n - 4*p + 36 = 0, -4*p - 24 = 2*n. What are the prime factors of (1 - h) + (n - -106)?
89
Let x be (-404)/(-44) + (-4)/22. Let o be x + -1 + 20/(-5). Suppose 0 = s - o*s + 231. What are the prime factors of s?
7, 11
Let u(k) = k**3 + 16*k**2 + 12*k - 40. Let o be u(-15). Suppose 2*c - 1772 = -2*c - 2*z, o*c = 3*z + 2226. What are the prime factors of c?
2, 3, 37
Let j(h) be the third derivative of h**5/20 + 5*h**4/12 + 6*h**3 - 2*h**2 + 4*h. List the prime factors of j(-5).
61
Let n be ((-72)/(-40))/(6/20). Suppose 10*x - 4032 = -n*x. What are the prime factors of x?
2, 3, 7
Let m = -55 + 52. List the prime factors of ((-15)/m)/((-3)/(-237)).
5, 79
What are the prime factors of 213/(-4*2*12/(-2976))?
3, 31, 71
Suppose -5*l - 4*u + 35480 = -76994, -l + 5*u = -22460. What are the prime factors of l?
2, 5, 13, 173
Let i(q) = -232*q - 12. Let x be i(-6). Suppose 6*b - 3*b = 2*n - 933, -3*n - 2*b = -x. What are the prime factors of n?
2, 3, 7, 11
Let r = 8990 - 1333. List the prime factors of r.
13, 19, 31
Suppose -7*t + 9*t = 0. Suppose -q + 3*i + 11 = t, q = 4*q + 3*i - 45. Suppose -15*w + 119 = -q*w. What are the prime factors of w?
7, 17
Suppose 3 = -5*z + 3*w + 6, 0 = -5*z + 5*w - 5. Suppose -2*s = z*s + l - 10, 2*s = -4*l + 22. Suppose -s = t - 183. List the prime factors of t.
2, 7, 13
Suppose 0 = -3*m + 5*h - 270, 2 = 10*h + 62. Let g = -47 + 20. Let j = g - m. What are the prime factors of j?
73
What are the prime factors of (1/2*10)/((-84)/(-2436))?
5, 29
Let i(d) = 5*d**2 + 57*d + 24. Let s be i(-11). Suppose s*p - v - 2454 = 0, -3*p - v + 2124 = -1552. List the prime factors of p.
2, 613
Let b(o) = -o**3 + 6*o**2 + o - 2. Let q be b(6). Suppose q*a + 2118 = 7*a. What are the prime factors of a?
2, 353
Let z = 385 - 237. Let m be (24/(-28))/((-6)/21). Suppose z = b + m*b. What are the prime factors of b?
37
Let g(c) = -198*c - 11. Let v be g(-3). Let y = 350 - v. Let d = 327 + y. What are the prime factors of d?
2, 47
Let w = 5768 + -3176. Suppose 3*s - w = -s. Suppose 0 = -16*k + 19*k - s. List the prime factors of k.
2, 3
Let w = 35479 - 10804. List the prime factors of w.
3, 5, 7, 47
Suppose r - 68 = 8. Suppose n + 138 = 2*k, -k + 3*n + r = -n. What are the prime factors of k?
2, 17
Let w = 117581 - 82234. List the prime factors of w.
13, 2719
Suppose 3*r + 8*t - 5*t - 169413 = 0, 0 = -3*r - 4*t + 169422. What are the prime factors of r?
2, 7, 37, 109
Suppose 0 = 9*a + 5*a + 2*a. Suppose 4*y + 2*i = 894, -i = 3*y - a*i - 670. List the prime factors of y.
223
Suppose 5*y = -1856*d + 1854*d + 52009, d = -3*y + 26007. What are the prime factors of d?
2, 3, 19
Let t = -1354 + 8014. List the prime factors of t.
2, 3, 5, 37
Let q(h) = 49*h**2 + 95*h - 59. List the prime factors of q(25).
32941
Suppose 1741*r - 1732*r - 8181 = 0. What are the prime factors of r?
3, 101
Let l(g) = 133*g**2 + 12*g - 140. What are the prime factors of l(5)?
5, 11, 59
Suppose -2*c - 83790 = -8*c. Suppose 4944 = -11*n - c. What are the prime factors of ((-6)/(-18))/(2 + 3435/n)?
191
Suppose 0 = 10*c - 23*c. Suppose c = -8*d + 5121 - 729. What are the prime factors of d?
3, 61
Let g = -104 - -106. Suppose 2*i = c + 589, -i - 292 = -2*i - g*c. What are the prime factors of i?
2, 3, 7
Suppose 4*t - l = 64569, 2*t + 12*l = 7*l + 32257. What are the prime fac